ate the greatest common divisor of 245 and 127505.
35
Calculate the highest common divisor of 15360 and 660.
60
Calculate the greatest common factor of 58080 and 320.
160
Calculate the highest common factor of 330 and 432080.
110
Calculate the greatest common divisor of 48372 and 145.
29
Calculate the greatest common divisor of 137 and 15618.
137
Calculate the highest common divisor of 1335046 and 775.
31
Calculate the highest common divisor of 7310 and 40.
10
Calculate the highest common factor of 34089 and 132.
33
What is the greatest common factor of 2904 and 696?
24
What is the greatest common divisor of 75 and 5267775?
75
What is the greatest common divisor of 2726 and 522?
58
What is the greatest common divisor of 70 and 7160?
10
Calculate the greatest common divisor of 522 and 234.
18
What is the highest common factor of 1677630 and 30?
30
Calculate the highest common divisor of 229 and 692267.
229
What is the greatest common factor of 65 and 311670?
5
Calculate the greatest common divisor of 1028 and 548.
4
What is the highest common factor of 55 and 62645?
55
What is the greatest common factor of 2350720 and 3200?
640
What is the greatest common divisor of 147654 and 26?
26
Calculate the greatest common divisor of 7 and 16394.
7
Calculate the greatest common factor of 9537 and 49929.
561
What is the highest common divisor of 246 and 2173?
41
Calculate the highest common divisor of 60498 and 36.
18
Calculate the greatest common divisor of 196 and 9716.
28
Calculate the highest common factor of 48 and 75712.
16
What is the greatest common divisor of 48538 and 14?
14
Calculate the highest common divisor of 567967 and 57.
19
What is the highest common divisor of 21 and 27699?
21
What is the greatest common divisor of 266660 and 81590?
1990
Calculate the highest common factor of 1269148 and 1164.
388
What is the highest common factor of 423 and 8319?
141
What is the greatest common factor of 619134 and 48?
6
Calculate the highest common divisor of 5928 and 66040.
104
What is the greatest common divisor of 4666 and 2?
2
What is the highest common divisor of 478 and 222987?
239
What is the greatest common factor of 1061 and 97?
1
Calculate the greatest common divisor of 13 and 3475147.
13
What is the greatest common divisor of 90 and 1745?
5
What is the highest common factor of 6853 and 807675?
979
Calculate the highest common factor of 560747 and 1463.
209
What is the greatest common factor of 73034 and 26?
26
What is the greatest common factor of 34 and 194?
2
What is the highest common factor of 2288 and 13936?
208
Calculate the greatest common factor of 80 and 315.
5
Calculate the greatest common factor of 154 and 619934.
14
What is the greatest common factor of 2885 and 25?
5
What is the highest common factor of 33 and 13629?
33
Calculate the highest common divisor of 54020 and 29930.
730
What is the greatest common factor of 460 and 3724620?
460
What is the highest common divisor of 63313 and 2?
1
Calculate the highest common divisor of 7568 and 54352.
688
Calculate the greatest common divisor of 688 and 76712.
344
Calculate the highest common divisor of 27322 and 1406.
38
Calculate the greatest common factor of 18496 and 2944.
64
Calculate the greatest common factor of 176960 and 18368.
448
What is the greatest common factor of 108444 and 36?
12
What is the highest common factor of 2280440 and 32?
8
Calculate the greatest common divisor of 389933 and 1937.
149
What is the greatest common factor of 21189 and 798?
21
What is the highest common divisor of 1080690 and 10608?
1326
Calculate the greatest common divisor of 9586 and 8.
2
What is the greatest common factor of 104 and 112?
8
Calculate the greatest common factor of 24728 and 136.
8
Calculate the greatest common factor of 2160 and 2628.
36
What is the greatest common factor of 1392 and 1798?
58
What is the highest common divisor of 9060 and 7852?
604
Calculate the greatest common factor of 1333 and 9996167.
1333
Calculate the highest common divisor of 2430 and 2880.
90
Calculate the greatest common factor of 48 and 32456.
8
Calculate the highest common factor of 38133 and 969.
57
Calculate the highest common divisor of 98 and 21546.
14
Calculate the greatest common factor of 2011538 and 1263.
421
Calculate the greatest common divisor of 27 and 16533.
9
What is the greatest common divisor of 84 and 1321124?
28
Calculate the highest common divisor of 16155 and 37125.
45
What is the highest common factor of 292 and 5399956?
292
What is the greatest common factor of 580 and 6860?
20
What is the greatest common divisor of 154332 and 156?
12
Calculate the highest common divisor of 850 and 3900.
50
Calculate the highest common divisor of 37468 and 304.
76
Calculate the greatest common divisor of 3 and 84333.
3
Calculate the greatest common factor of 148 and 4590812.
148
What is the highest common factor of 9090 and 1530?
90
What is the greatest common factor of 311589 and 27?
9
What is the greatest common factor of 35 and 14789215?
35
What is the highest common factor of 2853 and 2264331?
951
Calculate the greatest common factor of 59592 and 2587.
13
What is the greatest common factor of 6298 and 2538?
94
What is the highest common factor of 43834 and 1302?
434
What is the greatest common factor of 77070 and 105?
105
Calculate the highest common divisor of 1745 and 365.
5
What is the greatest common divisor of 314 and 502?
2
What is the greatest common factor of 470253 and 28?
7
What is the highest common divisor of 13923 and 5481?
63
Calculate the highest common factor of 135421 and 8294.
143
What is the highest common divisor of 47 and 209761?
47
Calculate the highest common factor of 1544143 and 97.
97
Calculate the greatest common divisor of 737 and 57888.
67
Calculate the greatest common factor of 21507 and 2568.
321
What is the greatest common factor of 18 and 14944266?
18
Calculate the highest common factor of 286 and 249249.
143
Calculate the highest common divisor of 70840 and 5474.
322
Calculate the greatest common divisor of 549 and 1899.
9
What is the greatest common factor of 32 and 85168?
16
What is the highest common factor of 109 and 3807806?
109
What is the greatest common factor of 72334 and 2242?
118
What is the highest common divisor of 6 and 1188273?
3
What is the greatest common factor of 43 and 8426839?
43
What is the highest common divisor of 24352 and 96?
32
Calculate the greatest common divisor of 20904 and 64506.
78
What is the highest common divisor of 582 and 18236?
194
What is the greatest common divisor of 624845 and 65?
65
Calculate the highest common divisor of 68 and 40579.
17
Calculate the highest common divisor of 2060 and 29020.
20
Calculate the greatest common divisor of 1832 and 3772.
4
Calculate the greatest common factor of 15 and 20651325.
15
What is the highest common factor of 81 and 2535?
3
Calculate the highest common divisor of 30660 and 294.
42
What is the greatest common divisor of 7392 and 26656?
224
What is the highest common divisor of 13512 and 72?
24
What is the highest common factor of 70137 and 72?
9
Calculate the highest common factor of 1390 and 529312.
278
Calculate the greatest common factor of 32326 and 896.
14
Calculate the greatest common factor of 8688 and 576.
48
What is the highest common divisor of 960 and 6030?
30
What is the greatest common divisor of 312629 and 13333?
199
Calculate the greatest common factor of 3820 and 4556.
4
Calculate the greatest common factor of 1274 and 329602.
182
Calculate the greatest common divisor of 16039 and 43.
43
Calculate the greatest common divisor of 705575 and 299.
13
Calculate the highest common factor of 77300 and 800.
100
What is the highest common factor of 170 and 1452735?
85
Calculate the greatest common divisor of 299 and 622817.
299
What is the greatest common factor of 92 and 250424?
92
Calculate the greatest common divisor of 17710 and 70.
70
Calculate the greatest common factor of 313504 and 128.
32
Calculate the highest common divisor of 31732 and 25.
1
Calculate the greatest common divisor of 4 and 1219.
1
Calculate the greatest common factor of 6774 and 6.
6
Calculate the greatest common factor of 12359 and 18902.
727
Calculate the highest common divisor of 224 an